{"id":2,"date":"2016-05-10T03:48:21","date_gmt":"2016-05-10T03:48:21","guid":{"rendered":"http:\/\/christopherbaum.de\/?page_id=2"},"modified":"2024-02-14T19:40:46","modified_gmt":"2024-02-14T19:40:46","slug":"sample-page","status":"publish","type":"page","link":"http:\/\/christopherbaum.de\/","title":{"rendered":"Bio"},"content":{"rendered":"<p class=\"p1\">Christopher Baum ist als Pianist, Keyboarder und Komponist in Hamburg t\u00e4tig.<\/p>\n<p>1988 geboren in eine Musikerfamilie, der Vater war Dirigent am Oldenburger Staatsorchester, verfolgte er zun\u00e4chst den Traum einer Laufbahn als klassischer Pianist. So begann er mit 7 Jahren den Klavierunterricht an der Musikschule Oldenburg, gefolgt von mehrfacher erfolgreicher Teilnahme an Jugend Musiziert Wettbewerben. Schon in fr\u00fcher Kindheit verbrachte er jedoch die meiste Zeit mit dem Improvisieren und Komponieren am Klavier und fand schlie\u00dflich im Jazz eine geeignete Ausdrucksform.<\/p>\n<p>Zun\u00e4chst studierte er Popular Music an der Musikhochschule in Hannover mit Nebenfach Jazzpiano und zog dann nach Teilnahme am Kontaktstudiengang \u2018Popkurs\u2019 nach Hamburg.<\/p>\n<p>Hier arbeitete und tourte er einige Jahre als selbstst\u00e4ndiger Keyboarder f\u00fcr diverse Pop-\/ und Gospel-Projekte.<\/p>\n<p>Mit seiner Frau und S\u00e4ngerin Linda Baum entsteht 2011 das Crossover-Jazz Projekt Takadoon das seither immer wieder mit wechselnden Besetzungen der hamburger und der internationalen Jazzszene auftritt.<\/p>\n<p>2023 gr\u00fcndet er mit seinem langj\u00e4hrigen musikalischen Partner, Schlagzeuger und Komponist Wanja Hasselmann, mit dem er schon viele Jahre in der Fusion Band \u2018NuHussel Orchestra\u2019 zusammen arbeitet und Bassist Giorgi Kikdnaze, einem der gefragtesten Session Musiker Deutschlands das \u2018HBK Trio\u2019. Die drei Musiker besch\u00e4ftigen sich in diesem klassischen Klaviertrio-Format mit gegenw\u00e4rtigen Str\u00f6mungen des Jazz mit Einfl\u00fcssen aus Klassik, Weltmusik und Pop.<\/p>\n<p>Christophers Klavierspiel und seine Kompositionen tragen eine unverwechselbare Handschrift, in der vor allem Str\u00f6mungen aus Jazz, Impressionismus und RnB ineinander flie\u00dfen.<\/p>\n<p>Seit 2022 kann man Christopher Baum zudem regelm\u00e4\u00dfig als Musical-Pianist bei Disneys \u2018Die Eisk\u00f6nigin\u2019 im Theater and der Elbe h\u00f6ren.<\/p>\n","protected":false},"excerpt":{"rendered":"<p>Christopher Baum ist als Pianist, Keyboarder und Komponist in Hamburg t\u00e4tig. 1988 geboren in eine Musikerfamilie, der Vater war Dirigent am Oldenburger Staatsorchester, verfolgte er zun\u00e4chst den Traum einer Laufbahn<\/p>\n<p class=\"more-link\"><a href=\"http:\/\/christopherbaum.de\/\" class=\"readmore\">Continue reading<span class=\"screen-reader-text\">Bio<\/span><\/a><\/p>\n","protected":false},"author":1,"featured_media":0,"parent":0,"menu_order":0,"comment_status":"closed","ping_status":"open","template":"","meta":{"footnotes":""},"_links":{"self":[{"href":"http:\/\/christopherbaum.de\/index.php?rest_route=\/wp\/v2\/pages\/2"}],"collection":[{"href":"http:\/\/christopherbaum.de\/index.php?rest_route=\/wp\/v2\/pages"}],"about":[{"href":"http:\/\/christopherbaum.de\/index.php?rest_route=\/wp\/v2\/types\/page"}],"author":[{"embeddable":true,"href":"http:\/\/christopherbaum.de\/index.php?rest_route=\/wp\/v2\/users\/1"}],"replies":[{"embeddable":true,"href":"http:\/\/christopherbaum.de\/index.php?rest_route=%2Fwp%2Fv2%2Fcomments&post=2"}],"version-history":[{"count":19,"href":"http:\/\/christopherbaum.de\/index.php?rest_route=\/wp\/v2\/pages\/2\/revisions"}],"predecessor-version":[{"id":74,"href":"http:\/\/christopherbaum.de\/index.php?rest_route=\/wp\/v2\/pages\/2\/revisions\/74"}],"wp:attachment":[{"href":"http:\/\/christopherbaum.de\/index.php?rest_route=%2Fwp%2Fv2%2Fmedia&parent=2"}],"curies":[{"name":"wp","href":"https:\/\/api.w.org\/{rel}","templated":true}]}}